{"id":19,"date":"2019-06-02T17:28:24","date_gmt":"2019-06-02T15:28:24","guid":{"rendered":"http:\/\/demo.lan\/?page_id=19"},"modified":"2019-06-20T21:22:01","modified_gmt":"2019-06-20T19:22:01","slug":"mentions-legales","status":"publish","type":"page","link":"https:\/\/www.fullmotoservice.fr\/index.php\/mentions-legales\/","title":{"rendered":"Mentions l\u00e9gales"},"content":{"rendered":"\n<p><strong>MENTIONS\nL\u00c9GALES<\/strong><\/p>\n\n\n\n<p>\n<strong>Mentions\nL\u00e9gales H\u00e9bergeur <\/strong>\n<\/p>\n\n\n\n<p>\n1&amp;1\nInternet SARL<\/p>\n\n\n\n<p>SARL\nau capital de 100 000 EUR \n<\/p>\n\n\n\n<p>RCS\nSarreguemines B 431 303 775 \n<\/p>\n\n\n\n<p>SIRET\n431 303 775 000 16 \n<\/p>\n\n\n\n<p>Code\nAPE: 6201Z \n<\/p>\n\n\n\n<p>Identification\nintracommunautaire FR 13 431303775<\/p>\n\n\n\n<p>Si\u00e8ge\nsocial&nbsp;: 7, place de la Gare \n<\/p>\n\n\n\n<p>BP\n70109 &#8211; 57200 Sarreguemines Cedex \n<\/p>\n\n\n\n<p><strong>Mise\ngarde <\/strong>\n<\/p>\n\n\n\n<p>Nous\nne pouvons garantir \u00e0 100% la s\u00e9curit\u00e9 des donn\u00e9es transmises sur\nInternet. De plus, FULL MOTO SERVICE ne saurait garantir\nl\u2019exactitude, la compl\u00e9tude et l\u2019actualit\u00e9 des informations\ndiffus\u00e9es sur son site. Vous reconnaissez donc utiliser ces\ninformations sous votre responsabilit\u00e9 exclusive. Nous mettons tout\nen \u0153uvre pour garantir des informations disponibles et v\u00e9rifi\u00e9es\nmais ne saurait \u00eatre tenu pour responsable des erreurs ou de la\npr\u00e9sence de virus sur son site. \n<\/p>\n\n\n\n<p><strong>Vos\nobligations en tant qu\u2019utilisateur <\/strong>\n<\/p>\n\n\n\n<p>Respect\nd\u2019autrui : \n<\/p>\n\n\n\n<p>En\ntant qu\u2019utilisateur de notre site www.fullmotoservice.fr, vous \u00eates\ntenus de respecter les l\u00e9gislatives applicables, et notamment les\ndispositions de la loi relative \u00e0 l\u2019informatique, aux fichiers et\naux libert\u00e9s, dont la violation est passible de sanctions p\u00e9nales.\nVous devez notamment vous abstenir de toute collecte, de toute\nutilisation d\u00e9tourn\u00e9e, notamment des informations nominatives\nauxquelles vous acc\u00e9dez, et d\u2019une mani\u00e8re g\u00e9n\u00e9rale, de tout\nacte susceptible de porter atteinte \u00e0 la vie priv\u00e9e, \u00e0 l\u2019honneur,\n\u00e0 la sensibilit\u00e9, \u00e0 l\u2019image de marque, \u00e0 la notori\u00e9t\u00e9 de\ntoute personne, physique ou morale, et notamment de FULL MOTO\nSERVICE, en \u00e9vitant toute mention, message ou texte diffamant,\nprovocant, malveillant, d\u00e9nigrant ou mena\u00e7ant, sur quelque support\nque ce soit. \n<\/p>\n\n\n\n<p>Respect\ndes droits de propri\u00e9t\u00e9 intellectuelle : \n<\/p>\n\n\n\n<p>Toute\nrepr\u00e9sentation totale ou partielle de ce site par quelque proc\u00e9d\u00e9\nque ce soit, sans l\u2019autorisation expresse de FULL MOTO SERVICE est\ninterdite et constituerait une contrefa\u00e7on sanctionn\u00e9e, notamment\nde fa\u00e7on p\u00e9nale, par les articles L. 335-2 et suivants du Code de\nla propri\u00e9t\u00e9 intellectuelle. De m\u00eame les marques et autres signes\ndistinctifs tels que logos et symboles figurant sur le site sont la\npropri\u00e9t\u00e9 de FULL MOTO SERVICE ou de ses partenaires et toute\nutilisation par des tiers non autoris\u00e9s en est strictement\ninterdite.<\/p>\n","protected":false},"excerpt":{"rendered":"<div class=\"slide-text-bg2\"><span>MENTIONS L\u00c9GALES Mentions L\u00e9gales H\u00e9bergeur 1&amp;1 Internet SARL SARL au capital de 100 000 EUR RCS Sarreguemines B 431 303 775 SIRET 431 303 775 000 1<\/span><\/div>\n<div class=\"slide-btn-area-sm\"><a href=\"https:\/\/www.fullmotoservice.fr\/index.php\/mentions-legales\/\" class=\"slide-btn-sm\">Lire la suite<\/a><\/div>\n","protected":false},"author":1,"featured_media":0,"parent":0,"menu_order":0,"comment_status":"closed","ping_status":"closed","template":"","meta":{"footnotes":""},"class_list":["post-19","page","type-page","status-publish","hentry"],"_links":{"self":[{"href":"https:\/\/www.fullmotoservice.fr\/index.php\/wp-json\/wp\/v2\/pages\/19","targetHints":{"allow":["GET"]}}],"collection":[{"href":"https:\/\/www.fullmotoservice.fr\/index.php\/wp-json\/wp\/v2\/pages"}],"about":[{"href":"https:\/\/www.fullmotoservice.fr\/index.php\/wp-json\/wp\/v2\/types\/page"}],"author":[{"embeddable":true,"href":"https:\/\/www.fullmotoservice.fr\/index.php\/wp-json\/wp\/v2\/users\/1"}],"replies":[{"embeddable":true,"href":"https:\/\/www.fullmotoservice.fr\/index.php\/wp-json\/wp\/v2\/comments?post=19"}],"version-history":[{"count":7,"href":"https:\/\/www.fullmotoservice.fr\/index.php\/wp-json\/wp\/v2\/pages\/19\/revisions"}],"predecessor-version":[{"id":110,"href":"https:\/\/www.fullmotoservice.fr\/index.php\/wp-json\/wp\/v2\/pages\/19\/revisions\/110"}],"wp:attachment":[{"href":"https:\/\/www.fullmotoservice.fr\/index.php\/wp-json\/wp\/v2\/media?parent=19"}],"curies":[{"name":"wp","href":"https:\/\/api.w.org\/{rel}","templated":true}]}}