{"id":103,"date":"2019-06-20T21:18:27","date_gmt":"2019-06-20T19:18:27","guid":{"rendered":"http:\/\/ec2-52-47-102-191.eu-west-3.compute.amazonaws.com\/?page_id=103"},"modified":"2019-06-20T21:19:58","modified_gmt":"2019-06-20T19:19:58","slug":"rgpd","status":"publish","type":"page","link":"https:\/\/www.fullmotoservice.fr\/index.php\/rgpd\/","title":{"rendered":"RGPD"},"content":{"rendered":"\n<p><em>POLITIQUE\nDE PROTECTION DES DONNEES PERSONNELLES<\/em><\/p>\n\n\n\n<p>La\nsoci\u00e9t\u00e9 Full Moto Service s&rsquo;engage \u00e0 ce que la collecte et le\ntraitement de vos donn\u00e9es effectu\u00e9s \u00e0 partir du site\nwww.fullmotoservice.fr soient conformes \u00e0 la loi Informatique et\nLibert\u00e9s ainsi qu\u2019au r\u00e8glement g\u00e9n\u00e9ral sur la protection des\ndonn\u00e9es.<\/p>\n\n\n\n<p>Les\ninformations recueillies \u00e0 partir des formulaires sont de plusieurs\ntypes : Nom, Pr\u00e9nom, Num\u00e9ro de t\u00e9l\u00e9phone et Adresse mail.<\/p>\n\n\n\n<p>Full\nMoto Service collecte vos donn\u00e9es personnelles lorsque vous faites\nune demande via le formulaire de \u00ab\u00a0Contact\u00a0\u00bb du site\ninternet, en magasin ou par t\u00e9l\u00e9phone.<\/p>\n\n\n\n<p>Ces\ndonn\u00e9es font l\u2019objet de traitements informatiques destin\u00e9s\nnotamment \u00e0 :<\/p>\n\n\n\n<p>\u2022\n   cr\u00e9er votre compte client chez\nFull Moto Service<\/p>\n\n\n\n<p>\u2022\n   vous transmettre par email :<\/p>\n\n\n\n<ul class=\"wp-block-list\"><li>\n\n\tvos documents commerciaux (tarifs\n\tpersonnalis\u00e9s, devis),\n\t<\/li><li>\n\n\tvos documents comptables\n\t(factures, relev\u00e9 de factures).\n<\/li><\/ul>\n\n\n\n<p>Conform\u00e9ment\n\u00e0 la loi \u00ab informatique et libert\u00e9s \u00bb du 6 janvier 1978 et au\nr\u00e8glement g\u00e9n\u00e9ral sur la protection des donn\u00e9es 2016\/679 du\nParlement europ\u00e9en et du Conseil du 27 avril 2016, vous disposez\nd\u2019un droit d\u2019acc\u00e8s, de modification, de rectification et de\nsuppression des informations qui vous concernent. Pour cela vous\npouvez contacter Full Moto Service :<\/p>\n\n\n\n<p>\u2022\n   par \u00e9crit \u00e0 :  \n<\/p>\n\n\n\n<p>\nFull Moto Service<\/p>\n\n\n\n<p>\n900, route de la Benoite<\/p>\n\n\n\n<p>\n83320 CARQUEIRANNE<\/p>\n\n\n\n<ul class=\"wp-block-list\"><li>\n\n\tpar mail&nbsp;: \n\t\n<\/li><\/ul>\n\n\n\n<p>\n<a href=\"mailto:yann.claviez@fullmotoservice.fr\">yann.claviez@fullmotoservice.fr<\/a><\/p>\n\n\n\n<p>Full\nMoto Service n\u2019utilise aucuns cookies sur le site internet. \n<\/p>\n","protected":false},"excerpt":{"rendered":"<div class=\"slide-text-bg2\"><span>POLITIQUE DE PROTECTION DES DONNEES PERSONNELLES La soci\u00e9t\u00e9 Full Moto Service s&rsquo;engage \u00e0 ce que la collecte et le traitement de vos donn\u00e9es effec<\/span><\/div>\n<div class=\"slide-btn-area-sm\"><a href=\"https:\/\/www.fullmotoservice.fr\/index.php\/rgpd\/\" class=\"slide-btn-sm\">Lire la suite<\/a><\/div>\n","protected":false},"author":1,"featured_media":0,"parent":0,"menu_order":0,"comment_status":"closed","ping_status":"closed","template":"","meta":{"footnotes":""},"class_list":["post-103","page","type-page","status-publish","hentry"],"_links":{"self":[{"href":"https:\/\/www.fullmotoservice.fr\/index.php\/wp-json\/wp\/v2\/pages\/103","targetHints":{"allow":["GET"]}}],"collection":[{"href":"https:\/\/www.fullmotoservice.fr\/index.php\/wp-json\/wp\/v2\/pages"}],"about":[{"href":"https:\/\/www.fullmotoservice.fr\/index.php\/wp-json\/wp\/v2\/types\/page"}],"author":[{"embeddable":true,"href":"https:\/\/www.fullmotoservice.fr\/index.php\/wp-json\/wp\/v2\/users\/1"}],"replies":[{"embeddable":true,"href":"https:\/\/www.fullmotoservice.fr\/index.php\/wp-json\/wp\/v2\/comments?post=103"}],"version-history":[{"count":3,"href":"https:\/\/www.fullmotoservice.fr\/index.php\/wp-json\/wp\/v2\/pages\/103\/revisions"}],"predecessor-version":[{"id":107,"href":"https:\/\/www.fullmotoservice.fr\/index.php\/wp-json\/wp\/v2\/pages\/103\/revisions\/107"}],"wp:attachment":[{"href":"https:\/\/www.fullmotoservice.fr\/index.php\/wp-json\/wp\/v2\/media?parent=103"}],"curies":[{"name":"wp","href":"https:\/\/api.w.org\/{rel}","templated":true}]}}