{"id":100,"date":"2019-06-20T21:16:46","date_gmt":"2019-06-20T19:16:46","guid":{"rendered":"http:\/\/ec2-52-47-102-191.eu-west-3.compute.amazonaws.com\/?page_id=100"},"modified":"2025-01-06T16:00:38","modified_gmt":"2025-01-06T15:00:38","slug":"conditions-generales-de-vente","status":"publish","type":"page","link":"https:\/\/www.fullmotoservice.fr\/index.php\/conditions-generales-de-vente\/","title":{"rendered":"Conditions g\u00e9n\u00e9rales de vente"},"content":{"rendered":"\n<h2 class=\"wp-block-heading\">CONDITIONS GENERALES DE VENTE<\/h2>\n\n\n\n<p>Full Moto Service 2025<\/p>\n\n\n\n<p>DISPOSITIONS GENERALES<\/p>\n\n\n\n<p>Sauf d\u00e9rogation \u00e9crite de notre part, toute commande ou acceptation de devis entra\u00eene sans r\u00e9serve l\u2019adh\u00e9sion pour l\u2019acheteur aux pr\u00e9sentes conditions g\u00e9n\u00e9rales.<\/p>\n\n\n\n<p>PRISE DE COMMANDE<\/p>\n\n\n\n<p>Toute commande non confirm\u00e9e par un bon \u00e9crit ou un email ne pourra entra\u00eener un litige avec notre soci\u00e9t\u00e9. Toute modification ou r\u00e9solution de la commande demand\u00e9e par le client ne peut \u00eatre prise en consid\u00e9ration qu\u2019avec l\u2019accord express de notre soci\u00e9t\u00e9.<\/p>\n\n\n\n<p>Les commandes re\u00e7ues ne sont valables qu\u2019apr\u00e8s notre acceptation et, si le cr\u00e9dit du client se d\u00e9t\u00e9riore, nous nous r\u00e9servons le droit, m\u00eame apr\u00e8s r\u00e9alisation partielle d\u2019une commande, d\u2019exiger de l\u2019acheteur les garanties n\u00e9cessaires en vue de la bonne ex\u00e9cution des engagements pris. Le refus d\u2019y satisfaire nous donne le droit d\u2019annuler tout ou partie du march\u00e9.<\/p>\n\n\n\n<p>PRIX ET CONDITIONS DE PAIEMENT<\/p>\n\n\n\n<p>Les ventes et prestations sont fournies au tarif en vigueur au jour de la r\u00e9ception de la commande. Les tarifs sont modifiables sans pr\u00e9avis. Nos prix s\u2019entendent toutes taxes comprises, hors livraison et en euros.<\/p>\n\n\n\n<p>Les ventes et prestations sont payables au comptant sauf convention expresse entre les parties. En tout \u00e9tat de cause, un formulaire d\u2019ouverture de compte ne pourra \u00eatre envoy\u00e9, qu\u2019apr\u00e8s le paiement de la premi\u00e8re commande au comptant. Le compte sera ouvert apr\u00e8s enqu\u00eate bancaire. Les conditions de paiement \u00e9tablies ne nous engagent en aucun cas \u00e0 les maintenir en cas de litige. Tout retard de paiement entra\u00eene l\u2019exigibilit\u00e9 imm\u00e9diate&nbsp; de toutes les sommes restant dues, m\u00eame non \u00e9chues, et ce, apr\u00e8s une mise en demeure par simple lettre recommand\u00e9e avec accus\u00e9 de r\u00e9ception.<\/p>\n\n\n\n<p>En outre, toute somme non pay\u00e9e \u00e0 l\u2019\u00e9ch\u00e9ance porte de plein droit int\u00e9r\u00eat au taux d\u2019int\u00e9r\u00eat l\u00e9gal au moment de l\u2019\u00e9mission de la facture major\u00e9 de 1.5 points.<\/p>\n\n\n\n<p>Sauf d\u00e9rogation particuli\u00e8re, le prix est payable 40 % \u00e0 la commande et le solde comptant, lors de la mise \u00e0 disposition en atelier et\/ou avant exp\u00e9dition.&nbsp;<\/p>\n\n\n\n<p>Le versement \u00e0 la commande ne donne en aucun cas \u00e0 l\u2019acheteur la facult\u00e9 de se d\u00e9dire moyennant l\u2019abandon du versement qui, en cas d\u2019annulation de l\u2019ordre, nous reste acquis \u00e0 titre d\u2019indemnit\u00e9, et ceci sous r\u00e9serve de tous autres droits.<\/p>\n\n\n\n<p>LIVRAISON ET RECEPTION DES MARCHANDISES<\/p>\n\n\n\n<p>Nos marchandises sont prises dans nos locaux et voyagent aux risques et p\u00e9rils des destinataires, m\u00eame si le prix est \u00e9tabli franco. Le r\u00e9ceptionnaire doit \u00e0 la livraison formuler ses r\u00e9serves claires et compl\u00e8tes sur le r\u00e9c\u00e9piss\u00e9&nbsp;de transport&nbsp; et confirmer aupr\u00e8s du transporteur par lettre recommand\u00e9e sous 48 h. La simple mention \u00ab&nbsp;sous r\u00e9serve de d\u00e9ballage&nbsp;\u00bb n\u2019a aucune valeur juridique.<\/p>\n\n\n\n<p>Les r\u00e9clamations sur les vices apparents ou la non-conformit\u00e9 des fournitures et prestations doivent \u00eatre formul\u00e9es par \u00e9crit et adress\u00e9es \u00e0 la soci\u00e9t\u00e9 dans les 5 jours de leur livraison. La notification d\u2019une r\u00e9clamation ne dispense pas le client de r\u00e9gler sa facture \u00e0 l\u2019\u00e9ch\u00e9ance pr\u00e9vue.<\/p>\n\n\n\n<p>DELAIS DE LIVRAISON<\/p>\n\n\n\n<p>Les d\u00e9lais de livraison ne sont donn\u00e9s qu\u2019\u00e0 titre indicatif. Un retard de livraison ne peut entra\u00eener ni le refus de la fourniture, ni la r\u00e9siliation du contrat, ni donner lieu \u00e0 dommages et int\u00e9r\u00eats.<\/p>\n\n\n\n<p>RESPONSABILITE &amp; GARANTIE<\/p>\n\n\n\n<p>Pour tous produits achet\u00e9s, vous b\u00e9n\u00e9ficiez de la garantie d&rsquo;un an contre tous vis de fabrication, de mise en \u0153uvre et d\u2019installation. Le non-paiement de tout ou partie de la facture entraine de facto l\u2019annulation de toutes les garanties.<\/p>\n\n\n\n<p>Sauf convention contraire, vous \u00eates d\u00e9chu de votre droit d\u2019obtenir la r\u00e9paration ou le remplacement d&nbsp;\u2018un produit qui s\u2019av\u00e8re d\u00e9fectueux ou d\u2019une partie de celui-ci dans les cas suivants&nbsp;:<\/p>\n\n\n\n<ul class=\"wp-block-list\">\n<li>Le produit a \u00e9t\u00e9 r\u00e9par\u00e9 ou modifi\u00e9 par une personne autre que Full Moto Service<\/li>\n\n\n\n<li>Les d\u00e9fauts sont imputables (en tout ou partie) \u00e0 des mauvaises manipulations, \u00e0 une utilisation inad\u00e9quate, \u00e0 un stockage inappropri\u00e9, \u00e0 un entretien insuffisant, \u00e0 une mauvaise installation ou au non-respect des instructions\u00a0 ou de toutes autres recommandations relatives au produit mise \u00e0 votre disposition.<\/li>\n\n\n\n<li>La soci\u00e9t\u00e9 Full Moto Service ne peut \u00eatre tenue pour responsable des cons\u00e9quences du choix des produits et des cons\u00e9quences de leur utilisation.<\/li>\n<\/ul>\n\n\n\n<p>En tout \u00e9tat de cause, la responsabilit\u00e9 de Full Moto Service ne pourrait pas \u00eatre recherch\u00e9e au-del\u00e0 de la valeur (toutes taxes comprises) des&nbsp; marchandises vendues et install\u00e9es, ce que l&rsquo;acheteur accepte express\u00e9ment.<\/p>\n\n\n\n<p>CLAUSE DE RESERVE DE PROPRIETE<\/p>\n\n\n\n<p>Conform\u00e9ment \u00e0 la loi 80-335 du 12 Mai 1980,&nbsp; modifi\u00e9e par la loi du 25 janvier 1985, la soci\u00e9t\u00e9 Full Moto Service, se r\u00e9serve la propri\u00e9t\u00e9 des marchandises livr\u00e9es \u00e0 ses clients jusqu\u2019au complet paiement de l\u2019int\u00e9gralit\u00e9 du prix.<\/p>\n\n\n\n<p>En cas de non-paiement, total ou partiel \u00e0 l\u2019\u00e9ch\u00e9ance, pour quelque cause que se soit, de convention expresse la soci\u00e9t\u00e9 Full Moto Service \u00e0 la facult\u00e9, sans formalit\u00e9, de reprendre mat\u00e9riellement possession des marchandises, au frais, risques et p\u00e9rils de l\u2019acheteur.<\/p>\n\n\n\n<p>Cependant, la charge des risques de d\u00e9t\u00e9rioration, de perte ou de vol de la fourniture sera transf\u00e9r\u00e9e au client d\u00e9s sa r\u00e9ception. En cas de redressement judiciaire ou de liquidation judiciaire du client, le fournisseur aura le droit de revendiquer la fourniture vendue conform\u00e9ment aux dispositions de la l\u00e9gislation fran\u00e7aise.<\/p>\n\n\n\n<p>REPARATION<\/p>\n\n\n\n<p>Sauf convention expresse contraire, les op\u00e9rations de r\u00e9paration ne donnent lieu \u00e0 aucune garantie autre que celle d\u2019une bonne ex\u00e9cution des dites op\u00e9rations.<\/p>\n\n\n\n<p>Lorsque le client demande que la r\u00e9paration soit r\u00e9alis\u00e9e sans qu\u2019un devis n\u2019ait \u00e9t\u00e9 \u00e9tabli, la soci\u00e9t\u00e9&nbsp; Full Moto Service mentionne les travaux \u00e0 ex\u00e9cuter sur un document qui devra \u00eatre sign\u00e9 par le client pr\u00e9alablement \u00e0 leur ex\u00e9cution. (Bon de commande)<\/p>\n\n\n\n<p>Si, pendant l\u2019ex\u00e9cution des r\u00e9parations demand\u00e9es il appara\u00eet que des travaux suppl\u00e9mentaires sont \u00e0 r\u00e9aliser, la soci\u00e9t\u00e9&nbsp; Full Moto Service en avise le client et obtient son accord avant toutes nouvelles interventions.<\/p>\n\n\n\n<p>SOUS-TRAITANCE<\/p>\n\n\n\n<p>Afin de permettre \u00e0 la soci\u00e9t\u00e9 Full Moto Service de tenir au mieux ses engagements, le recours \u00e0 la sous-traitance ne pourra lui \u00eatre reproch\u00e9 par le client.<\/p>\n\n\n\n<p>LITIGES<\/p>\n\n\n\n<p>En cas de contestation, les tribunaux de TOULON seront seuls comp\u00e9tents, m\u00eame en cas d\u2019appel en garantie ou de pluralit\u00e9 de d\u00e9fendeurs.<\/p>\n","protected":false},"excerpt":{"rendered":"<div class=\"slide-text-bg2\"><span>CONDITIONS GENERALES DE VENTE Full Moto Service 2025 DISPOSITIONS GENERALES Sauf d\u00e9rogation \u00e9crite de notre part, toute commande ou acceptation de devis <\/span><\/div>\n<div class=\"slide-btn-area-sm\"><a href=\"https:\/\/www.fullmotoservice.fr\/index.php\/conditions-generales-de-vente\/\" class=\"slide-btn-sm\">Lire la suite<\/a><\/div>\n","protected":false},"author":1,"featured_media":0,"parent":0,"menu_order":0,"comment_status":"closed","ping_status":"closed","template":"","meta":{"footnotes":""},"class_list":["post-100","page","type-page","status-publish","hentry"],"_links":{"self":[{"href":"https:\/\/www.fullmotoservice.fr\/index.php\/wp-json\/wp\/v2\/pages\/100","targetHints":{"allow":["GET"]}}],"collection":[{"href":"https:\/\/www.fullmotoservice.fr\/index.php\/wp-json\/wp\/v2\/pages"}],"about":[{"href":"https:\/\/www.fullmotoservice.fr\/index.php\/wp-json\/wp\/v2\/types\/page"}],"author":[{"embeddable":true,"href":"https:\/\/www.fullmotoservice.fr\/index.php\/wp-json\/wp\/v2\/users\/1"}],"replies":[{"embeddable":true,"href":"https:\/\/www.fullmotoservice.fr\/index.php\/wp-json\/wp\/v2\/comments?post=100"}],"version-history":[{"count":10,"href":"https:\/\/www.fullmotoservice.fr\/index.php\/wp-json\/wp\/v2\/pages\/100\/revisions"}],"predecessor-version":[{"id":318,"href":"https:\/\/www.fullmotoservice.fr\/index.php\/wp-json\/wp\/v2\/pages\/100\/revisions\/318"}],"wp:attachment":[{"href":"https:\/\/www.fullmotoservice.fr\/index.php\/wp-json\/wp\/v2\/media?parent=100"}],"curies":[{"name":"wp","href":"https:\/\/api.w.org\/{rel}","templated":true}]}}